or of 1512?
True
Is 10 a factor of 1540?
True
Is 72 a factor of 1606?
False
Is 1222 a multiple of 47?
True
Is 294 a multiple of 49?
True
Is 12 a factor of 5238?
False
Does 78 divide 16146?
True
Is 23526 a multiple of 264?
False
Does 97 divide 8633?
True
Does 97 divide 485?
True
Is 6 a factor of 206?
False
Is 4075 a multiple of 210?
False
Is 101 a factor of 3105?
False
Does 6 divide 1856?
False
Does 63 divide 4221?
True
Does 143 divide 19448?
True
Is 6 a factor of 11297?
False
Is 1323 a multiple of 147?
True
Is 80 a multiple of 27?
False
Is 432 a multiple of 16?
True
Is 1528 a multiple of 7?
False
Is 240 a factor of 27120?
True
Is 51 a multiple of 39?
False
Does 6 divide 264?
True
Is 7 a factor of 147?
True
Is 105 a factor of 6366?
False
Is 8 a factor of 544?
True
Is 4524 a multiple of 12?
True
Is 10 a factor of 32610?
True
Is 5 a factor of 37618?
False
Is 21 a factor of 62464?
False
Is 5555 a multiple of 22?
False
Is 559 a multiple of 43?
True
Is 48 a factor of 5744?
False
Does 14 divide 4046?
True
Is 11497 a multiple of 3?
False
Is 11 a factor of 1289?
False
Is 15 a factor of 2644?
False
Is 1138 a multiple of 84?
False
Is 17 a factor of 912?
False
Is 11620 a multiple of 5?
True
Is 81 even?
False
Is 3 a factor of 9062?
False
Is 3443 a multiple of 2?
False
Is 13 a factor of 14690?
True
Does 12 divide 252?
True
Is 13620 a multiple of 17?
False
Is 3364 a multiple of 8?
False
Does 22 divide 4277?
False
Is 44 a factor of 5060?
True
Does 17 divide 220?
False
Is 65381 a multiple of 308?
False
Is 45968 a multiple of 26?
True
Is 15468 a multiple of 12?
True
Is 7992 a multiple of 37?
True
Does 170 divide 1870?
True
Is 4353 a multiple of 4?
False
Is 43790 a multiple of 58?
True
Is 4180 a multiple of 11?
True
Is 118 a factor of 27361?
False
Is 1374 even?
True
Is 10164 a multiple of 33?
True
Is 2802 a multiple of 99?
False
Does 22 divide 58366?
True
Is 3294 a multiple of 183?
True
Is 36 a factor of 720?
True
Is 4473 a multiple of 25?
False
Is 524 a multiple of 4?
True
Is 20 a factor of 183?
False
Is 65 a factor of 13390?
True
Does 3 divide 393?
True
Is 18 a factor of 5166?
True
Is 20 a factor of 1420?
True
Does 57 divide 16131?
True
Is 12 a factor of 31894?
False
Is 31 a factor of 372?
True
Does 112 divide 84112?
True
Is 3944 a multiple of 21?
False
Is 3623 a multiple of 28?
False
Is 17 a factor of 228?
False
Does 10 divide 923?
False
Is 31 a factor of 3720?
True
Is 3824 a multiple of 31?
False
Does 85 divide 72797?
False
Does 4 divide 84?
True
Is 84366 a multiple of 22?
False
Is 2159 a multiple of 17?
True
Is 92 a multiple of 4?
True
Does 6 divide 6090?
True
Is 7 a multiple of 5?
False
Is 3 a factor of 10293?
True
Is 87000 a multiple of 275?
False
Is 8670 a multiple of 30?
True
Is 9675 a multiple of 15?
True
Does 16 divide 1634?
False
Does 20 divide 874?
False
Is 9220 a multiple of 20?
True
Is 23 a factor of 15938?
False
Does 10 divide 1301?
False
Does 69 divide 14717?
False
Is 1407 a multiple of 13?
False
Is 1826 a multiple of 11?
True
Is 55 a factor of 4840?
True
Does 26 divide 3120?
True
Is 2351 a multiple of 6?
False
Is 13130 a multiple of 15?
False
Does 5 divide 685?
True
Is 2 a factor of 90?
True
Is 12 a factor of 32441?
False
Does 38 divide 376?
False
Is 2926 a multiple of 154?
True
Does 50 divide 20900?
True
Is 34393 a multiple of 93?
False
Is 12 a factor of 17292?
True
Is 3059 a multiple of 130?
False
Does 13 divide 1503?
False
Does 4 divide 583?
False
Does 64 divide 512?
True
Is 19250 a multiple of 35?
True
Is 8 a factor of 105?
False
Does 52 divide 1248?
True
Is 186 a multiple of 18?
False
Is 5334 a multiple of 14?
True
Does 5 divide 2770?
True
Is 18 a factor of 32854?
False
Does 17 divide 58844?
False
Is 14 a factor of 32216?
False
Is 1396 a multiple of 3?
False
Does 30 divide 390?
True
Is 7 a factor of 770?
True
Is 8690 a multiple of 158?
True
Does 10 divide 1010?
True
Does 24 divide 24672?
True
Is 4 a factor of 11512?
True
Is 26 a factor of 541?
False
Does 140 divide 1120?
True
Is 28 a factor of 212?
False
Is 64 a factor of 2368?
True
Does 8 divide 21176?
True
Does 39 divide 36114?
True
Is 41 a factor of 23985?
True
Does 103 divide 858?
False
Is 468 a multiple of 18?
True
Is 1947 a multiple of 79?
False
Does 82 divide 63190?
False
Is 31251 a multiple of 81?
False
Is 22 a factor of 68887?
False
Is 21 a factor of 8421?
True
Is 26640 a multiple of 14?
False
Is 69 a factor of 205?
False
Is 689 a multiple of 28?
False
Is 200 a factor of 5800?
True
Is 10 a factor of 8670?
True
Is 4 a factor of 385?
False
Is 9558 a multiple of 11?
False
Does 94 divide 1786?
True
Is 4607 a multiple of 15?
False
Is 12 a factor of 336?
True
Does 204 divide 32028?
True
Is 638 a multiple of 22?
True
Does 118 divide 92748?
True
Is 58 a factor of 580?
True
Is 14 a factor of 35791?
False
Is 58 a factor of 4209?
False
Is 16 a factor of 103?
False
Is 6338 a multiple of 48?
False
Does 57 divide 171?
True
Is 4 a multiple of 3?
False
Does 47 divide 752?
True
Does 129 divide 38409?
False
Is 89 a factor of 1958?
True
Is 20 a factor of 8859?
False
Does 15 divide 17700?
True
Is 3640 a multiple of 52?
True
Is 40 a factor of 1528?
False
Does 3 divide 1042?
False
Is 12 a factor of 2952?
True
Does 11 divide 3883?
True
Does 27 divide 4252?
False
Does 5 divide 1699?
False
Does 96 divide 6912?
True
Is 45603 a multiple of 27?
True
Is 9824 a multiple of 16?
True
Is 77 a factor of 3285?
False
Is 29 a factor of 2626?
False
Is 4896 a multiple of 12?
True
Does 40 divide 80?
True
Does 28 divide 1005?
False
Is 12437 a multiple of 2?
False
Is 28 a factor of 9159?
False
Is 15 a factor of 1163?
False
Does 27 divide 551?
False
Does 45 divide 3240?
True
Does 10 divide 120?
True
Is 17 a factor of 11713?
True
Does 8 divide 3569?
False
Is 94 a factor of 1786?
True
Is 97 a factor of 33627?
False
Is 5 a factor of 2401?
False
Is 40 a factor of 1592?
False
Does 12 divide 6302?
False
Does 19 divide 17043?
True
Is 13 a factor of 41647?
False
Does 124 divide 9796?
True
Does 30 divide 270?
True
Is 33 a factor of 4196?
False
Is 15 a factor of 4110?
True
Does 233 divide 59470?
False
Is 89 a factor of 5619?
False
Is 5646 a multiple of 25?
False
Is 32 a factor of 10624?
True
Does 22 divide 2156?
True
Is 57 a factor of 684?
True
Is 274 a multiple of 16?
False
Is 63 a factor of 5834?
False
Is 1064 a multiple of 19?
True
Is 67 a factor of 4867?
False
Is 65 a factor of 627?
False
Does 149 divide 15496?
True
Is 1344 a multiple of 12?
True
Is 1354 a multiple of 49?
False
Is 1274 a multiple of 49?
True
Is 5 a factor of 3150?
True
Is 1963 a multiple of 129?
False
Does 29 divide 261?
True
Is 7206 a multiple of 2?
True
Is 17040 a multiple of 17?
False
Is 23 a factor of 3602?
False
Does 51 divide 2550?
True
Is 53 a factor of 329?
False
Is 455 a multiple of 58?
False
Is 8 a factor of 4493?
False
Is 5007 a multiple of 10?
False
Is 23 a factor of 11530?
False
Is 346 a multiple of 5?
False
Does 46 divide 4555?
False
Is 17377 a multiple of 159?
False
Does 13 divide 5707?
True
Does 10 divide 325?
False
Is 67714 a multiple of 22?
False
Does 21 divide 1969?
False
Does 9 divide 1386?
True
Is 35 a factor of 350?
True
Is 863 a multiple of 41?
False
Does 21 divide 866?
False
Is 13 a factor of 32494?
False
Does 18 divide 2021?
False
Is 16 a factor of 53824?
True
Does 26 divide 1556?
False
Is 33 a factor of 47279?
False
Does 23 divide 38847?
True
Is 4197 a multiple of 56?
False
Is 9 a factor of 900?
True
Is 2 a factor of 2628?
True
Does 18 divide 8388?
True
Is 14 a factor of 141?
False
Is 18 a factor of 12239?
False
Is 26 a factor of 546?
True
Does 386 divide 72061?
False
Does 36 divide 6698?
False
Does 4 divide 138?
False
Is 13982 a multiple of 13?
False
Is 66 a multiple of 6?
True
Is 48 a factor of 624?
True
Is 56 a factor of 929?
False
Is 6755 a multiple of 16?
False
Is 23584 a multiple of 88?
True
Is 13 a factor of 39273?
True
Is 87 a factor of 28519?
False
Is 280 a multiple of 4?
True
Is 27 a factor of 613?
False
Is 24 a factor of 18984?
True
Is 5645 a multiple of 24?
False
Does 12 divide 86?
False
Is 5 a factor of 2354?
False
Is 18 a factor of 11430?
True
Is 78921 a multiple of 237?
True
Is 13 a factor of 6370?
True
Is 61078 a multiple of 72?
False
Is 9651 a multiple of 3?
True
Is 37930 a multiple of 5?
True
Is 5 a factor of 93?
